{"id":1418,"date":"2026-01-07T10:45:02","date_gmt":"2026-01-07T10:45:02","guid":{"rendered":"https:\/\/gela.edu.vn\/?page_id=1418"},"modified":"2026-01-07T10:57:45","modified_gmt":"2026-01-07T10:57:45","slug":"chuong-trinh-hoc-va-tai-lieu-giang-day","status":"publish","type":"page","link":"https:\/\/gela.edu.vn\/?page_id=1418","title":{"rendered":"CH\u01af\u01a0NG TR\u00ccNH H\u1eccC V\u00c0 T\u00c0I LI\u1ec6U GI\u1ea2NG D\u1ea0Y"},"content":{"rendered":"\n<figure class=\"wp-block-table\"><table class=\"has-fixed-layout\"><thead><tr><td><strong>STT<\/strong><\/td><td><strong>M\u00f4n d\u1ea1y<\/strong><\/td><td><strong>T\u00ean ch\u01b0\u01a1ng tr\u00ecnh d\u1ea1y<\/strong><\/td><td><strong>T\u00e0i li\u1ec7u, gi\u00e1o tr\u00ecnh gi\u1ea3ng d\u1ea1y<\/strong><\/td><td><strong>Nh\u00e0 xu\u1ea5t b\u1ea3n<\/strong><\/td><td><strong>N\u0103m xu\u1ea5t b\u1ea3n<\/strong><\/td><td><strong>Nh\u00e0 ph\u00e1t h\u00e0nh<\/strong><\/td><\/tr><\/thead><tbody><tr><td><strong>&nbsp;<\/strong>1.<\/td><td>Ti\u1ebfng Anh<\/td><td>Thi\u1ebfu nhi<\/td><td>Amazing Science v\u00e0 Math in my world<\/td><td>NXB Gi\u00e1o d\u1ee5c Vi\u1ec7t Nam<\/td><td>2021<\/td><td>Ph\u01b0\u01a1ng Nam<\/td><\/tr><tr><td><strong>&nbsp;<\/strong>2.<\/td><td>Ti\u1ebfng Anh<\/td><td>Thi\u1ebfu ni\u00ean<\/td><td>Achievers<\/td><td>Richmond Publishing<\/td><td>2015<\/td><td>\u0110\u1ea1i Tr\u01b0\u1eddng Ph\u00e1t<\/td><\/tr><tr><td><strong>&nbsp;<\/strong>3.<\/td><td>Ti\u1ebfng Anh<\/td><td>Th\u1ef1c h\u00e0nh<\/td><td>New interchange 1,2,3<\/td><td>Cambridge University Press<\/td><td>2003<\/td><td>Fahasa<\/td><\/tr><tr><td>4.<\/td><td>Ti\u1ebfng Anh<\/td><td>Luy\u1ec7n IELTS<\/td><td>IELTS Introduction<\/td><td>Macmillan IELTS Foundation<\/td><td>2012<\/td><td>Fahasa<\/td><\/tr><tr><td>5.<\/td><td>Ti\u1ebfng Anh<\/td><td>Luy\u1ec7n TOEIC<\/td><td>Very Easy TOEIC<\/td><td>Compass Publishing<\/td><td>2021<\/td><td>First News \u2013 Tr\u00ed Vi\u1ec7t<\/td><\/tr><tr><td>6.<\/td><td>Ti\u1ebfng Anh<\/td><td>Luy\u1ec7n thi TOEFL<\/td><td>Developing Skills for the TOEFL IBT<\/td><td>Compass Publishing<\/td><td>2013<\/td><td>First News \u2013 Tr\u00ed Vi\u1ec7t<\/td><\/tr><\/tbody><\/table><\/figure>\n","protected":false},"excerpt":{"rendered":"<p>STT M\u00f4n d\u1ea1y T\u00ean ch\u01b0\u01a1ng tr\u00ecnh d\u1ea1y T\u00e0i li\u1ec7u, gi\u00e1o tr\u00ecnh gi\u1ea3ng d\u1ea1y Nh\u00e0 xu\u1ea5t b\u1ea3n N\u0103m xu\u1ea5t b\u1ea3n Nh\u00e0 &hellip; <\/p>\n","protected":false},"author":1,"featured_media":0,"parent":0,"menu_order":0,"comment_status":"closed","ping_status":"closed","template":"","meta":{"footnotes":""},"class_list":["post-1418","page","type-page","status-publish","hentry"],"yoast_head":"<!-- This site is optimized with the Yoast SEO plugin v26.6 - https:\/\/yoast.com\/wordpress\/plugins\/seo\/ -->\n<title>CH\u01af\u01a0NG TR\u00ccNH H\u1eccC V\u00c0 T\u00c0I LI\u1ec6U GI\u1ea2NG D\u1ea0Y - GELA Education<\/title>\n<meta name=\"robots\" content=\"index, follow, max-snippet:-1, max-image-preview:large, max-video-preview:-1\" \/>\n<link rel=\"canonical\" href=\"https:\/\/gela.edu.vn\/?page_id=1418\" \/>\n<meta property=\"og:locale\" content=\"en_US\" \/>\n<meta property=\"og:type\" content=\"article\" \/>\n<meta property=\"og:title\" content=\"CH\u01af\u01a0NG TR\u00ccNH H\u1eccC V\u00c0 T\u00c0I LI\u1ec6U GI\u1ea2NG D\u1ea0Y - GELA Education\" \/>\n<meta property=\"og:description\" content=\"STT M\u00f4n d\u1ea1y T\u00ean ch\u01b0\u01a1ng tr\u00ecnh d\u1ea1y T\u00e0i li\u1ec7u, gi\u00e1o tr\u00ecnh gi\u1ea3ng d\u1ea1y Nh\u00e0 xu\u1ea5t b\u1ea3n N\u0103m xu\u1ea5t b\u1ea3n Nh\u00e0 &hellip;\" \/>\n<meta property=\"og:url\" content=\"https:\/\/gela.edu.vn\/?page_id=1418\" \/>\n<meta property=\"og:site_name\" content=\"GELA Education\" \/>\n<meta property=\"article:publisher\" content=\"https:\/\/www.facebook.com\/gelahcmc\" \/>\n<meta property=\"article:modified_time\" content=\"2026-01-07T10:57:45+00:00\" \/>\n<meta property=\"og:image\" content=\"https:\/\/gela.edu.vn\/wp-content\/uploads\/2021\/09\/Logo_GELA.jpg\" \/>\n\t<meta property=\"og:image:width\" content=\"1607\" \/>\n\t<meta property=\"og:image:height\" content=\"1459\" \/>\n\t<meta property=\"og:image:type\" content=\"image\/jpeg\" \/>\n<meta name=\"twitter:card\" content=\"summary_large_image\" \/>\n<meta name=\"twitter:label1\" content=\"Est. reading time\" \/>\n\t<meta name=\"twitter:data1\" content=\"1 minute\" \/>\n<script type=\"application\/ld+json\" class=\"yoast-schema-graph\">{\"@context\":\"https:\/\/schema.org\",\"@graph\":[{\"@type\":\"WebPage\",\"@id\":\"https:\/\/gela.edu.vn\/?page_id=1418\",\"url\":\"https:\/\/gela.edu.vn\/?page_id=1418\",\"name\":\"CH\u01af\u01a0NG TR\u00ccNH H\u1eccC V\u00c0 T\u00c0I LI\u1ec6U GI\u1ea2NG D\u1ea0Y - GELA Education\",\"isPartOf\":{\"@id\":\"https:\/\/gela.edu.vn\/#website\"},\"datePublished\":\"2026-01-07T10:45:02+00:00\",\"dateModified\":\"2026-01-07T10:57:45+00:00\",\"breadcrumb\":{\"@id\":\"https:\/\/gela.edu.vn\/?page_id=1418#breadcrumb\"},\"inLanguage\":\"en-US\",\"potentialAction\":[{\"@type\":\"ReadAction\",\"target\":[\"https:\/\/gela.edu.vn\/?page_id=1418\"]}]},{\"@type\":\"BreadcrumbList\",\"@id\":\"https:\/\/gela.edu.vn\/?page_id=1418#breadcrumb\",\"itemListElement\":[{\"@type\":\"ListItem\",\"position\":1,\"name\":\"Home\",\"item\":\"https:\/\/gela.edu.vn\/\"},{\"@type\":\"ListItem\",\"position\":2,\"name\":\"CH\u01af\u01a0NG TR\u00ccNH H\u1eccC V\u00c0 T\u00c0I LI\u1ec6U GI\u1ea2NG D\u1ea0Y\"}]},{\"@type\":\"WebSite\",\"@id\":\"https:\/\/gela.edu.vn\/#website\",\"url\":\"https:\/\/gela.edu.vn\/\",\"name\":\"GELA Education\",\"description\":\"\",\"publisher\":{\"@id\":\"https:\/\/gela.edu.vn\/#organization\"},\"potentialAction\":[{\"@type\":\"SearchAction\",\"target\":{\"@type\":\"EntryPoint\",\"urlTemplate\":\"https:\/\/gela.edu.vn\/?s={search_term_string}\"},\"query-input\":{\"@type\":\"PropertyValueSpecification\",\"valueRequired\":true,\"valueName\":\"search_term_string\"}}],\"inLanguage\":\"en-US\"},{\"@type\":\"Organization\",\"@id\":\"https:\/\/gela.edu.vn\/#organization\",\"name\":\"GELA Education\",\"url\":\"https:\/\/gela.edu.vn\/\",\"logo\":{\"@type\":\"ImageObject\",\"inLanguage\":\"en-US\",\"@id\":\"https:\/\/gela.edu.vn\/#\/schema\/logo\/image\/\",\"url\":\"https:\/\/gela.edu.vn\/wp-content\/uploads\/2021\/09\/logo-gela-1.png\",\"contentUrl\":\"https:\/\/gela.edu.vn\/wp-content\/uploads\/2021\/09\/logo-gela-1.png\",\"width\":145,\"height\":78,\"caption\":\"GELA Education\"},\"image\":{\"@id\":\"https:\/\/gela.edu.vn\/#\/schema\/logo\/image\/\"},\"sameAs\":[\"https:\/\/www.facebook.com\/gelahcmc\"]}]}<\/script>\n<!-- \/ Yoast SEO plugin. -->","yoast_head_json":{"title":"CH\u01af\u01a0NG TR\u00ccNH H\u1eccC V\u00c0 T\u00c0I LI\u1ec6U GI\u1ea2NG D\u1ea0Y - GELA Education","robots":{"index":"index","follow":"follow","max-snippet":"max-snippet:-1","max-image-preview":"max-image-preview:large","max-video-preview":"max-video-preview:-1"},"canonical":"https:\/\/gela.edu.vn\/?page_id=1418","og_locale":"en_US","og_type":"article","og_title":"CH\u01af\u01a0NG TR\u00ccNH H\u1eccC V\u00c0 T\u00c0I LI\u1ec6U GI\u1ea2NG D\u1ea0Y - GELA Education","og_description":"STT M\u00f4n d\u1ea1y T\u00ean ch\u01b0\u01a1ng tr\u00ecnh d\u1ea1y T\u00e0i li\u1ec7u, gi\u00e1o tr\u00ecnh gi\u1ea3ng d\u1ea1y Nh\u00e0 xu\u1ea5t b\u1ea3n N\u0103m xu\u1ea5t b\u1ea3n Nh\u00e0 &hellip;","og_url":"https:\/\/gela.edu.vn\/?page_id=1418","og_site_name":"GELA Education","article_publisher":"https:\/\/www.facebook.com\/gelahcmc","article_modified_time":"2026-01-07T10:57:45+00:00","og_image":[{"width":1607,"height":1459,"url":"https:\/\/gela.edu.vn\/wp-content\/uploads\/2021\/09\/Logo_GELA.jpg","type":"image\/jpeg"}],"twitter_card":"summary_large_image","twitter_misc":{"Est. reading time":"1 minute"},"schema":{"@context":"https:\/\/schema.org","@graph":[{"@type":"WebPage","@id":"https:\/\/gela.edu.vn\/?page_id=1418","url":"https:\/\/gela.edu.vn\/?page_id=1418","name":"CH\u01af\u01a0NG TR\u00ccNH H\u1eccC V\u00c0 T\u00c0I LI\u1ec6U GI\u1ea2NG D\u1ea0Y - GELA Education","isPartOf":{"@id":"https:\/\/gela.edu.vn\/#website"},"datePublished":"2026-01-07T10:45:02+00:00","dateModified":"2026-01-07T10:57:45+00:00","breadcrumb":{"@id":"https:\/\/gela.edu.vn\/?page_id=1418#breadcrumb"},"inLanguage":"en-US","potentialAction":[{"@type":"ReadAction","target":["https:\/\/gela.edu.vn\/?page_id=1418"]}]},{"@type":"BreadcrumbList","@id":"https:\/\/gela.edu.vn\/?page_id=1418#breadcrumb","itemListElement":[{"@type":"ListItem","position":1,"name":"Home","item":"https:\/\/gela.edu.vn\/"},{"@type":"ListItem","position":2,"name":"CH\u01af\u01a0NG TR\u00ccNH H\u1eccC V\u00c0 T\u00c0I LI\u1ec6U GI\u1ea2NG D\u1ea0Y"}]},{"@type":"WebSite","@id":"https:\/\/gela.edu.vn\/#website","url":"https:\/\/gela.edu.vn\/","name":"GELA Education","description":"","publisher":{"@id":"https:\/\/gela.edu.vn\/#organization"},"potentialAction":[{"@type":"SearchAction","target":{"@type":"EntryPoint","urlTemplate":"https:\/\/gela.edu.vn\/?s={search_term_string}"},"query-input":{"@type":"PropertyValueSpecification","valueRequired":true,"valueName":"search_term_string"}}],"inLanguage":"en-US"},{"@type":"Organization","@id":"https:\/\/gela.edu.vn\/#organization","name":"GELA Education","url":"https:\/\/gela.edu.vn\/","logo":{"@type":"ImageObject","inLanguage":"en-US","@id":"https:\/\/gela.edu.vn\/#\/schema\/logo\/image\/","url":"https:\/\/gela.edu.vn\/wp-content\/uploads\/2021\/09\/logo-gela-1.png","contentUrl":"https:\/\/gela.edu.vn\/wp-content\/uploads\/2021\/09\/logo-gela-1.png","width":145,"height":78,"caption":"GELA Education"},"image":{"@id":"https:\/\/gela.edu.vn\/#\/schema\/logo\/image\/"},"sameAs":["https:\/\/www.facebook.com\/gelahcmc"]}]}},"_links":{"self":[{"href":"https:\/\/gela.edu.vn\/index.php?rest_route=\/wp\/v2\/pages\/1418","targetHints":{"allow":["GET"]}}],"collection":[{"href":"https:\/\/gela.edu.vn\/index.php?rest_route=\/wp\/v2\/pages"}],"about":[{"href":"https:\/\/gela.edu.vn\/index.php?rest_route=\/wp\/v2\/types\/page"}],"author":[{"embeddable":true,"href":"https:\/\/gela.edu.vn\/index.php?rest_route=\/wp\/v2\/users\/1"}],"replies":[{"embeddable":true,"href":"https:\/\/gela.edu.vn\/index.php?rest_route=%2Fwp%2Fv2%2Fcomments&post=1418"}],"version-history":[{"count":3,"href":"https:\/\/gela.edu.vn\/index.php?rest_route=\/wp\/v2\/pages\/1418\/revisions"}],"predecessor-version":[{"id":1428,"href":"https:\/\/gela.edu.vn\/index.php?rest_route=\/wp\/v2\/pages\/1418\/revisions\/1428"}],"wp:attachment":[{"href":"https:\/\/gela.edu.vn\/index.php?rest_route=%2Fwp%2Fv2%2Fmedia&parent=1418"}],"curies":[{"name":"wp","href":"https:\/\/api.w.org\/{rel}","templated":true}]}}